- 2. What is u(0)?
0
Let y(v) = -2*v - 4*v - v + 2*v. Let o = 4 - 6. Determine y(o).
10
Let m(j) = -j**2 + 0 - 5 + 0 + 1 + 5*j. Calculate m(6).
-10
Suppose -10*v + 14*v - 16 = 0. Suppose 3*w - 3*s + 24 = -6*s, -w + 7 = -v*s. Let u(j) = -j + 6. Give u(w).
11
Let d(h) be the second derivative of -h - 1/12*h**4 + 2*h**2 + 1/2*h**3 + 0. Calculate d(3).
4
Suppose 3*h - 5 = 13. Let g(c) = c**3 - 7*c**2 + 5*c + 6. Let a be g(6). Suppose 3*q - h*q + 6 = a. Let o(u) = 2*u - 3. Calculate o(q).
1
Let b(u) = u**2 + 8*u + 12. Let v be b(-3). Let y(x) = -x**2 - x + 3. Give y(v).
-3
Let m(g) = -11*g - 3. Let n(v) = -3*v - 1. Let u(p) = m(p) - 4*n(p). Let x(d) = 3*d**2 + 1. Let q be x(1). Determine u(q).
5
Let a = 173 + -168. Let s(m) be the third derivative of 0*m**3 + 0*m + 1/120*m**6 - 2*m**2 - 1/60*m**a + 0 + 0*m**4. Give s(1).
0
Let d(a) = 8*a - 3. Let q be (-12)/(-7) + 14/49. Calculate d(q).
13
Let n(d) = -d**2 + 9*d - 10. Let o = -2 - -9. What is n(o)?
4
Let i(s) = -4*s + 2*s + 7*s. Let y(w) = w**2 - 5*w + 7. Let n be y(3). What is i(n)?
5
Let b(o) = 18*o + 9 - 32*o + 15*o. Calculate b(0).
9
Let t(o) = 11*o**3 - 23*o**2 - 10*o + 26. Let j(h) = -4*h**3 + 8*h**2 + 3*h - 9. Let w(u) = -8*j(u) - 3*t(u). Calculate w(6).
-6
Suppose 4*g = 2*z - 24, 6 = -3*g - 6. Let t(i) = 3*i - 2*i - z*i + 2*i. Determine t(4).
-4
Let w(k) = -k**2 - 6*k + 1. Let m be w(-3). Let j = m + -4. Let n(a) = a**2 - 5*a - 3. Calculate n(j).
3
Let o(d) = d - 2. Let u(r) = -2*r + 3. Let a(c) = -4*o(c) - 3*u(c). Give a(4).
7
Let m be (3/((-9)/6))/(-1). Let u(z) be the third derivative of -1/12*z**5 + m*z**2 - 5/24*z**4 - 1/3*z**3 + 0 - 1/120*z**6 + 0*z. Give u(-4).
2
Let y(l) = -16 + 5 + 55*l - 56*l. Calculate y(0).
-11
Let u(f) = f**2 + 7*f + 4. Let v be u(-7). Let t(y) be the first derivative of -y**4/4 + 4*y**3/3 - y**2/2 - 6. What is t(v)?
-4
Let t(l) = l**2 - 3*l - 2. Let s = 115 + -113. Give t(s).
-4
Let v(g) = -2*g**2 + 3*g - 3. Let c be 1/((8/(-12))/((-24)/18)). Determine v(c).
-5
Let u be 153/270 - 4/10. Let v(w) be the second derivative of 0 + u*w**3 + 0*w**2 - w - 1/6*w**4 - 1/5*w**5. What is v(1)?
-5
Let a(s) be the second derivative of s**3/6 + 3*s**2/2 + 155*s. Let h be 2/7 - 99/(-21). Determine a(h).
8
Suppose 0 = p - 0*p - 5. Let t(w) = -1 + 4*w - w**2 + w + 3 - p. Give t(3).
3
Let l(n) = -2*n**2 + n. Let g = -5 - -8. Let w = g + -5. Let x = w + 4. Give l(x).
-6
Let g(f) = -f**2 + 4*f - 2. Suppose -24 = 3*a - 9*a. Give g(a).
-2
Let j(i) be the first derivative of -i**2/2 - 3*i + 2. Let s(l) = -l + 2. Let u be s(2). What is j(u)?
-3
Suppose -2*o = -7*o + 30. Suppose 0 = -0*c - 3*c + o. Let t(s) = 2 + 3*s - 1 + c + 0. Calculate t(-4).
-9
Let s(m) = 3*m**2 - 1. Let d = -3 - -4. Calculate s(d).
2
Let z(t) = 11*t**2 + 3*t**3 - 11*t**2. Determine z(1).
3
Let d be (-1 + 0 + 5)/2. Let j(o) = 3 + o**2 + 3*o**d - 4*o - o**2. Suppose 6*a = 4*y + 3*a - 5, -5*y + 7 = -3*a. Determine j(y).
7
Suppose -4 = 2*x - 0. Let d be (-176)/33*(-3)/(-2). Let j = d - x. Let w(n) = -n - 5. What is w(j)?
1
Let k(m) = -1 - 1 + 2*m + 1 + 3. What is k(6)?
14
Let p(f) = -f**3 - 2*f**2 - 3*f - 2. Let j be p(-2). Let q(z) = z + 0*z + 1 - j + z. Let h(w) = w**2 - 2*w + 3. Let u be h(2). Calculate q(u).
3
Suppose z + 0 - 4 = 0. Suppose -z*p = 4*s - 16, p - 3*s = -0*p. Let q(j) = -2 + 0 + 3*j + 4 + p. Give q(-4).
-7
Let g(y) = y. Let v(n) = -n - 3. Let d be v(-7). Let s = 3 - d. Give g(s).
-1
Let s(y) = y**2 + 1. Let c(o) = -o. Let f(p) = -p**2 - 3*p + 5. Let t be f(-4). Let v be c(t). Let g be s(v). Let b(i) = -2*i - 1. Determine b(g).
-5
Let r(m) = m - 3 + 0*m + m + 4 - 5*m**3. Determine r(-1).
4
Let f(i) = 1 - i**2 + 0 - 2*i + i. Suppose -6*u + 7 = 25. Calculate f(u).
-5
Let n(u) = -u**3 - 6*u**2 + 4. Let g be n(-6). Suppose 0*q + v - 10 = -g*q, v + 4 = 3*q. Let l(x) = -x - 3*x**3 - 5*x**q + 0*x + 2*x**3 - 7. Calculate l(-5).
-2
Let l(d) = -d**3 - 2*d**2 - d + 1. Let o(h) = h**2 - 2*h - 5. Let f be o(4). Suppose -f*w = w + 8. Determine l(w).
3
Let o(x) = -13*x**3 + 19*x**2 + 40*x - 57. Let s(y) = -3*y**3 + 5*y**2 + 10*y - 14. Let b(m) = -2*o(m) + 9*s(m). Give b(8).
4
Let b(t) = 2*t - 9. Let s(o) be the second derivative of -o**4/12 + 7*o**3/6 + o**2/2 - 3*o. Let q be s(6). What is b(q)?
5
Let t(i) = i + 0*i + 4 + 0. Let f be (17 - 13)/(-1 + 0). Determine t(f).
0
Let y(i) be the first derivative of -3*i**2 - i - 7. Calculate y(-2).
11
Let x(b) = -2*b**2 + 2*b - 1. Suppose -2*o + 5 = 3. Give x(o).
-1
Suppose 0 = -4*k + 3*b - 7*b + 20, 3*k - 4*b + 20 = 0. Let i(w) = -w + 0*w + 0*w + 3 + k*w. Suppose -22 + 7 = -3*u. What is i(u)?
-2
Let h(p) = -p**2 - 11*p - 11. Let c be h(-8). Let y = -14 + c. Let i(t) = 14*t**3 - t**2 - 2*t - 1. What is i(y)?
-14
Let p(j) be the third derivative of -j**5/60 - j**4/4 + j**3/3 + 3*j**2. What is p(-7)?
-5
Let l(x) = x**2 - x - 1. Let j be (-6)/(-4)*4/3. Suppose -5*f + 15 = g, j*f + 0*g + 6 = 2*g. What is l(f)?
1
Let g be ((-3)/(-1) - 3)/1. Let i(d) = -3*d + 0*d - d**2 - d + 6 + g*d**2. Give i(-5).
1
Suppose 0 = -5*s - 8 - 7. Suppose 5*k - k - 12 = 0. Let r(c) = -2 + 0*c**2 - 2*c**2 - 2 - c**k. What is r(s)?
5
Let u be 2/(-7) - 30/(-7). Let m = u + -1. Let l(g) = -g**2 - 2 + g**m - g + 1 - g. Give l(-1).
-1
Let k(w) be the second derivative of 1/6*w**3 + 1/2*w**2 - 5/12*w**4 + w + 0. What is k(-1)?
-5
Suppose 3*i + d - 7 = 0, 4*i = -3*d - d + 20. Let p(k) = -5*k**2 + 2*k - 1. Give p(i).
-4
Suppose 3*j + 12 = -2*q + 7*j, -15 = 3*q - 5*j. Let b(y) = y + q*y + y**2 + 8 - 1 + 4*y. Calculate b(-5).
7
Let m be 4/(-16) + 29/4. Suppose m + 2 = 3*a. Let y be (-2)/(-4) + a/(-2). Let x(k) = 4*k**2 - 2*k - 1. Determine x(y).
5
Let k = 8 - 5. Suppose 0 = -t + 3 - 0. Let m(y) = -4*y + y**3 - y**3 - 2*y**2 + y**t. What is m(k)?
-3
Let x(l) = l**2 + l - 9. Let t be x(-4). Let h(b) = 4*b - 2 + 0*b - t*b. Calculate h(6).
4
Let w(v) be the third derivative of -v**4/12 + v**3/2 + 2*v**2 + 10*v. Calculate w(-3).
9
Let x(d) = -d**2 + d - 2. Let s = 8 + -5. Suppose s*m + 4 + 2 = 0. Calculate x(m).
-8
Let d(m) = m**2 + m + 2. Let j be d(0). Let t(n) be the first derivative of n**2 + 149. What is t(j)?
4
Let s(y) be the third derivative of 13*y**5/60 + y**4/24 - 10*y**2. Let a(j) = -j**2 - j - 1. Let h be a(0). Determine s(h).
12
Let c(p) be the first derivative of -p**4/4 - p**3/3 - p**2/2 + 2*p + 11. Calculate c(0).
2
Let s(d) be the second derivative of -d**5/5 - d**3/6 + 5*d. Calculate s(-1).
5
Let t(x) be the first derivative of 9*x**4/4 - 2*x**3/3 - x**2 - x - 38. Suppose z - 2*z = 1. Determine t(z).
-10
Let n(t) be the second derivative of t**4/24 + 7*t**3/6 - 3*t**2/2 + t. Let r(f) be the first derivative of n(f). Determine r(0).
7
Let n = -1 - 3. Let v be 6/4 - (-2)/n. Let h(g) = -2*g**3 - 2*g + 1. Determine h(v).
-3
Let h(v) be the third derivative of 0 + 0*v + 1/24*v**4 - v**2 + 5/6*v**3. Let p = 36 + -36. What is h(p)?
5
Let o(n) = 3*n**2 - 1. Let m be (-12)/15*-1*5. Suppose -4*u - u + 35 = 5*f, -13 = -m*u - f. Give o(u).
11
Let t be 2/(-9) - 136/36. Let o(m) = m**3 + 4*m**2 - 4*m - 6. Calculate o(t).
10
Let p(f) = 9*f - 7. Let n(j) = 13*j - 8. Let y(i) = -13*i + 7. Let r(w) = -3*n(w) - 2*y(w). Let h(d) = 7*p(d) + 5*r(d). What is h(-3)?
7
Let t(h) = h**3 - 6*h**2 + 3*h - 7. Let x = 25 - 19. What is t(x)?
11
Let r = -19 + 15. Let c(l) = -3*l - 5. Calculate c(r).
7
Let q = -12 - -15. Let x(a) = a**2 - q + 1 + 1 + 7*a. Calculate x(-7).
-1
Let r(t) = -t + 17. Let q be r(11). Let l be 15/(-5)*4/q. Let h(b) = 5*b + 1. Give h(l).
-9
Let g(c) be the first derivative of -c**4/4 + 3*c**3 - 5*c**2 + 8*c - 7. Determine g(8).
-8
Let w(l) = -l**2 + 2*l - 2. Let m(n) = -n**3 + 5*n**2 + 4*n + 8. Let t be m(6). Let g be ((-3)/2)/(3/t). What is w(g)?
-2
Let f(n) be the first derivative of n**7/840 + n**6/72 + n**5/40 + n**4/24 - 4*n**3/3 + 4. Let c(p) be the third derivative of f(p). Give c(-3).
10
Suppose -5*y - 3*q + 7 = 0, 2*y + 3*q = q + 2. Let p be (2 - 0)/y*-5. Let u(h) = h**2 + 5*h - 3. Calculate u(p).
-3
Let k(d) = d**3 + 3*d**2 - d + 3. Let j be 72/33 - (-4)/(-22). Suppose -16 = 2*b + j*h, 3*b - 4*h - 28 = 6*b. What is k(b)?
-9
Let p(s) = -s + 5. Let h(z) be the first derivative of z**3/3 + 2*z**2 + 2*z - 3. Let a be h(-4). Suppose a*b - 2*i = i + 6, 8 = 4*i. Determine p(b).
-1
Let o(s) = s**2 -